794560 is divided by 1676.
1664
Calculate the remainder when 14751807 is divided by 8200.
7
Calculate the remainder when 10930395 is divided by 812.
63
What is the remainder when 58765 is divided by 812?
301
Calculate the remainder when 233427 is divided by 1622.
1481
Calculate the remainder when 1280784 is divided by 88.
32
Calculate the remainder when 207695 is divided by 848.
783
What is the remainder when 37445169 is divided by 131?
129
Calculate the remainder when 33366059 is divided by 180.
179
Calculate the remainder when 993628 is divided by 783.
1
What is the remainder when 7723205 is divided by 5755?
5750
Calculate the remainder when 249458 is divided by 49618.
1368
Calculate the remainder when 82590038 is divided by 520.
518
Calculate the remainder when 9203354 is divided by 4744.
4738
Calculate the remainder when 12175746 is divided by 4126.
4046
Calculate the remainder when 44165 is divided by 855.
560
Calculate the remainder when 458206287 is divided by 8.
7
What is the remainder when 202763 is divided by 3153?
971
Calculate the remainder when 9723386 is divided by 3241122.
20
What is the remainder when 28357107 is divided by 5671368?
267
Calculate the remainder when 545381 is divided by 125.
6
Calculate the remainder when 149998 is divided by 96.
46
What is the remainder when 132417 is divided by 44121?
54
Calculate the remainder when 411342 is divided by 1079.
243
Calculate the remainder when 13851 is divided by 2927.
2143
What is the remainder when 172390546 is divided by 1551?
1549
What is the remainder when 1937474 is divided by 3800?
3274
What is the remainder when 790903 is divided by 182?
113
What is the remainder when 6392811 is divided by 639280?
11
Calculate the remainder when 1000026512 is divided by 89.
84
Calculate the remainder when 924118 is divided by 8132.
5202
What is the remainder when 98305 is divided by 32383?
1156
Calculate the remainder when 23679427 is divided by 17.
8
Calculate the remainder when 2071309 is divided by 1035472.
365
What is the remainder when 2630562 is divided by 5188?
246
What is the remainder when 10031533 is divided by 1126?
1125
What is the remainder when 132939223 is divided by 1628?
1627
What is the remainder when 105552 is divided by 5549?
121
Calculate the remainder when 52159 is divided by 3284.
2899
Calculate the remainder when 426570 is divided by 437.
58
What is the remainder when 15239978 is divided by 2539996?
2
Calculate the remainder when 1021141 is divided by 967.
956
What is the remainder when 49058398 is divided by 201?
127
Calculate the remainder when 73553 is divided by 68653.
4900
What is the remainder when 5141208 is divided by 1713732?
12
Calculate the remainder when 1924017 is divided by 2933.
2902
What is the remainder when 68770 is divided by 63922?
4848
Calculate the remainder when 83491179 is divided by 4026.
4017
What is the remainder when 1664281 is divided by 416063?
29
Calculate the remainder when 415896 is divided by 89.
88
What is the remainder when 8114294 is divided by 7?
6
What is the remainder when 2815051 is divided by 2957?
2944
Calculate the remainder when 12912 is divided by 608.
144
What is the remainder when 20198 is divided by 2824?
430
What is the remainder when 14246678 is divided by 858?
446
What is the remainder when 538442 is divided by 133034?
6306
Calculate the remainder when 4224172 is divided by 422397.
202
Calculate the remainder when 40803191 is divided by 55.
11
Calculate the remainder when 80705661 is divided by 107.
55
Calculate the remainder when 3846940 is divided by 262.
256
What is the remainder when 1252550 is divided by 56?
54
What is the remainder when 193671261 is divided by 64557083?
12
Calculate the remainder when 1877175 is divided by 107.
74
Calculate the remainder when 451504 is divided by 2164.
1392
What is the remainder when 736374 is divided by 5?
4
Calculate the remainder when 9435 is divided by 5952.
3483
Calculate the remainder when 138865354 is divided by 6766.
6736
What is the remainder when 2268668 is divided by 17318?
10
Calculate the remainder when 83634 is divided by 2768.
594
Calculate the remainder when 8074579 is divided by 1009322.
3
What is the remainder when 15209295 is divided by 90531?
87
What is the remainder when 2794711 is divided by 18266?
13
What is the remainder when 9831 is divided by 6826?
3005
Calculate the remainder when 81029133 is divided by 81029124.
9
Calculate the remainder when 6752207 is divided by 292.
291
Calculate the remainder when 121334 is divided by 5794.
5454
Calculate the remainder when 287736 is divided by 95669.
729
What is the remainder when 39272 is divided by 9665?
612
Calculate the remainder when 57390532 is divided by 57390526.
6
Calculate the remainder when 3662055 is divided by 101.
98
What is the remainder when 165030337 is divided by 546458?
21
What is the remainder when 164374 is divided by 54551?
721
What is the remainder when 3357267 is divided by 5157?
60
Calculate the remainder when 2104739 is divided by 44.
43
What is the remainder when 1136692 is divided by 809?
47
What is the remainder when 286516 is divided by 1384?
28
Calculate the remainder when 38286975 is divided by 1149.
1146
What is the remainder when 909641 is divided by 260?
161
What is the remainder when 982585 is divided by 2539?
2531
What is the remainder when 499776 is divided by 1571?
198
What is the remainder when 1943794 is divided by 216?
10
Calculate the remainder when 4624746 is divided by 154153.
156
Calculate the remainder when 5979325 is divided by 1076.
1069
What is the remainder when 8814841 is divided by 499?
6
Calculate the remainder when 11188167 is divided by 882.
879
What is the remainder when 169907 is divided by 3528?
563
Calculate the remainder when 112995735 is divided by 119.
118
Calculate the remainder when 15388567 is divided by 136182.
1
Calculate the remainder when 9255006 is divided by 2170.
2126
What is the remainder when 18152982 is divided by 18152978?
4
What is the remainder when 439410 is divided by 981?
903
What is the remainder when 315424855 is divided by 51?
4
What is the remainder when 414455 is divided by 166?
119
Calculate the remainder when 101938 is divided by 236.
222
What is the remainder when 29821259 is divided by 2109?
2108
Calculate the remainder when 492717 is divided by 12.
9
Calculate the remainder when 238257 is divided by 2732.
573
What is the remainder when 3128359 is divided by 20?
19
What is the remainder when 66669374 is divided by 2113?
2111
Calculate the remainder when 890265 is divided by 5.
0
Calculate the remainder when 15076723 is divided by 14130.
13
What is the remainder when 249144 is divided by 1547?
77
Calculate the remainder when 1143235 is divided by 12037.
11757
Calculate the remainder when 5138919 is divided by 3230.
3219
What is the remainder when 2165175 is divided by 721543?
546
What is the remainder when 1240039 is divided by 1239869?
170
Calculate the remainder when 120334 is divided by 166.
150
What is the remainder when 5464952 is divided by 1931?
222
Calculate the remainder when 464377 is divided by 2253.
259
What is the remainder when 11322226 is divided by 1820?
6
What is the remainder when 1813391 is divided by 265?
261
Calculate the remainder when 8033830 is divided by 7072.
38
What is the remainder when 4074150 is divided by 2037071?
8
What is the remainder when 6574410 is divided by 7?
3
Calculate the remainder when 340811 is divided by 3704.
43
Calculate the remainder when 1716572 is divided by 53642.
28
What is the remainder when 80997 is divided by 418?
323
Calculate the remainder when 3456217 is divided by 113.
112
What is the remainder when 13935283 is divided by 9180?
43
What is the remainder when 4914628 is divided by 1345?
1343
What is the remainder when 23795962 is divided by 4?
2
Calculate the remainder when 17909923 is divided by 8954938.
47
What is the remainder when 445738 is divided by 445737?
1
What is the remainder when 153796 is divided by 2260?
116
What is the remainder when 394962 is divided by 469?
64
What is the remainder when 3065336 is divided by 14525?
561
Calculate the remainder when 5178536 is divided by 619.
601
Calculate the remainder when 7233530 is divided by 28591.
7
Calcu